. What is the greatest common divisor of l and 5?
5
Suppose -2*k = -k - 2*p - 75, 4*p = 16. Suppose 5*a - k = 32. Suppose 0 = s + a - 63. What is the greatest common factor of s and 5?
5
Suppose 0 = 2*r - 79 - 75. Suppose 25 = 3*v - r. Suppose 2 = -2*a + v. Calculate the greatest common divisor of 4 and a.
4
Let x be 4/(-3)*(12 - 11)*3. Let s(q) = q**3 + 3*q**2 + 3*q - 3. Let m be s(-3). Let n be (-150)/m - (-2)/x. Calculate the greatest common divisor of n and 12.
12
Suppose -2*g - 54 = -3*g. Let a be (7 + -1)*(5 + 1). What is the highest common divisor of g and a?
18
Suppose 0 = 4*m - 3*m + 2*a - 42, -188 = -5*m + a. Suppose 15*g = 622 + m. Suppose 0 = j + j - 22. Calculate the highest common divisor of g and j.
11
Suppose -4*q - 16*x + 17*x = -30, 5*x = 10. Calculate the greatest common divisor of 2 and q.
2
Let b be (14/(-4))/(2/(-24)). Let d(p) = -2*p**3 - 18*p**2 - 19*p - 10. Let o be d(-8). Suppose -10*m + o*m = 84. What is the greatest common factor of b and m?
21
Suppose 0 = 2*n - 10, -4*a - n = 16 - 1. Let c be 19*(50/(-5))/a. Calculate the greatest common divisor of 57 and c.
19
Let l(i) = i**3 + 8*i**2 + 6*i - 26. Let d(v) = v**3 + 2*v**2 + v - 3. Let w be d(-2). Let x be l(w). What is the greatest common factor of x and 1?
1
Let q(l) = l + 4. Let o be q(6). Let s(w) = o - 3*w + 5*w - 8 + 2. Let m be s(4). Calculate the highest common factor of m and 12.
12
Suppose 495 = 9*p - 14*p. Let l be 1 + (1*2/(-2) - p). What is the highest common divisor of l and 11?
11
Let y be (-13)/(13/4) + 6*6. Calculate the highest common factor of 28 and y.
4
Let h = -114 - -123. Let m be 128/28 + h*(-4)/(-84). Calculate the highest common factor of 45 and m.
5
Let j(p) = p - 1. Let o(y) = y**2 + 4*y - 6. Let g(l) = -10*j(l) + 2*o(l). Let z be g(3). What is the highest common factor of 35 and z?
5
Suppose 32*y = 19*y + 520. Calculate the highest common factor of 320 and y.
40
Let v be 4*((-50)/(-4) - -1). Suppose -2*r + 13 - 5 = 0. Suppose -14 = -r*g + 130. What is the highest common divisor of g and v?
18
Let q(a) = -a - 11. Let k be q(-13). Suppose -k*w = -12 - 2. Suppose w*u - 5*u - 14 = 0. Calculate the greatest common divisor of u and 49.
7
Suppose 12*x = 10*x + 10. Let s be 2/x - 1968/(-30). What is the greatest common factor of 165 and s?
33
Let g = 423 - 60. What is the greatest common factor of 33 and g?
33
Suppose -8 = 2*x - 0*x, 17 = f - 5*x. Let t be (-5)/(f/(-3 + 6)). Suppose 21 + 39 = t*s. Calculate the greatest common divisor of 12 and s.
12
Suppose 127 - 23 = 2*h. Suppose 0 = -4*b + 20 + h. Let y(q) = -q**3 + q**2 + q + 2. Let g be y(-2). What is the greatest common factor of g and b?
6
Let y be 8/(-3)*-6*(-4)/(-16). What is the highest common factor of y and 28?
4
Let h = 153 - -269. Let n = h + -78. What is the highest common factor of 43 and n?
43
Suppose 5*k + 394 = x, 40 = 3*k + 5*x + 282. Let j = k + 87. What is the greatest common factor of j and 6?
2
Let c = -70 - -70. Suppose 2*u = -p + 32, -5*p + u + u + 208 = c. Calculate the highest common factor of 60 and p.
20
Let s = -460 - -505. Suppose k - 4 = 1. Calculate the greatest common factor of k and s.
5
Suppose -3*j + 11 + 7 = 0. Suppose -4*d = 14 + j. Let l(t) = -t + 1. Let k be l(d). Calculate the greatest common factor of k and 12.
6
Let b(a) = -a**3 - a**2 - 2*a - 8. Let t be b(-7). Suppose k = -2*k + t. Let g = 581 + -561. What is the highest common factor of k and g?
20
Let z be 184 - -3 - (-4 + 1). Let j(l) = -4*l - 9. Let b be j(-7). Calculate the highest common factor of z and b.
19
Let i = 64 + -62. Let y be (-1 - i)/(-2 + (-12)/(-8)). Suppose -4*d + 10 = -38. What is the highest common factor of y and d?
6
Let l(h) = -5*h. Let a be 3 + (-1)/((-5)/(-20)). Let j be l(a). What is the highest common divisor of 5 and j?
5
Let a(m) = -m**3 - 7*m**2 - 6*m + 12. Let p be a(-6). Suppose 3*u + 2*x - 262 = 0, -2*u - x = u - 257. Calculate the highest common divisor of p and u.
12
Suppose 5*k + 15*k - 7*k = 0. Let h be 28 - (1 - 2)*k - 4. What is the highest common divisor of 264 and h?
24
Let m = 34 - -48. Let b = m + -56. Calculate the highest common divisor of b and 39.
13
Let z be 2/(-3)*1/2*-141. Let u = 143 + z. Calculate the greatest common factor of u and 76.
38
Let i be (35/21)/(5/1764). What is the highest common factor of i and 49?
49
Suppose 16*c - 5122 = 7198. Calculate the highest common factor of 7 and c.
7
Let a be (-15)/25 + 336/10. Suppose 2*y = 3*z + 2*z + a, -4*y + 16 = 0. Let x be z*((-64)/10 - 0). What is the highest common factor of x and 8?
8
Let x(o) = 12*o + 280. Let y be x(-23). Suppose 0 = -4*g + 39 + 73. Calculate the highest common factor of g and y.
4
Let x be (-35)/50*16*-5. Calculate the highest common divisor of x and 84.
28
Let b = -328 - -484. Let u be 2/(-10) + b/30. Suppose 0 = u*p - 65 - 10. Calculate the highest common divisor of p and 15.
15
Let w(v) = v**2 + 9*v + 8. Let h be w(-11). Let u = 68 - 23. What is the highest common divisor of h and u?
15
Let p be ((-1692)/(-8))/(-9)*-2. Let b = p + -39. What is the highest common factor of 12 and b?
4
Suppose 7*s + 576 = 31*s. What is the highest common factor of 20 and s?
4
Let f = -83 - -88. Suppose -93 = -3*a - 3*b, 8*a - 6*a = -f*b + 68. Calculate the greatest common divisor of a and 232.
29
Let o(c) = c**2 + c - 4. Let j be o(3). Suppose 5*n - 2*n = 12. Calculate the highest common divisor of n and j.
4
Let v = 42 + -40. Let m be v/(-8)*1/(6/(-312)). What is the greatest common factor of 65 and m?
13
Suppose -3*o - 5*v + 755 = 0, 1547 - 252 = 5*o + v. Suppose -19*t + 14*t = -o. Calculate the highest common factor of t and 13.
13
Let f be 6/27 + 43/9. Let k be (4/f)/((-8)/(-20)). What is the greatest common divisor of k and 2?
2
Let j = 11 - 6. Suppose -n = 2*o - 89, 2*o + 20 - 112 = 2*n. Calculate the greatest common factor of j and o.
5
Suppose d - 7 = -8, -2*f - 4*d = -950. Calculate the highest common factor of f and 9.
9
Let o be -4 + (0 + -1)/1. Let n(b) = -b**2 - 5*b + 2. Let u be n(o). Let h(c) = 2*c**3 - 3*c**2. Let m be h(u). What is the highest common divisor of m and 4?
4
Let k be 21/2*24/7. Suppose 4*h = -5*h + 252. Let p = h + -4. What is the greatest common factor of k and p?
12
Let v = 29 + -15. Let k(l) = -l**3 - l**2 + 2*l - 5. Let p be k(-4). Calculate the greatest common factor of p and v.
7
Let r be (-18)/81 + (-254)/(-9). Suppose r + 22 = 2*n. Calculate the greatest common factor of 20 and n.
5
Let j = -37 + 41. Suppose -18 = -s + j*t, 0 = s - 2*s - 3*t + 11. What is the greatest common divisor of 2 and s?
2
Suppose -2*a + 14 = 3*o, 0 = -46*o + 45*o + 4*a + 14. Let f = -5 + 59. Calculate the greatest common factor of f and o.
6
Let y(u) = u**2 + 12*u - 11. Let r be y(-13). Let l be (-3 - -2)/(2/(-8)). Let o = l + 0. Calculate the greatest common factor of o and r.
2
Let h(x) = x**2 + 9*x + 42. Let w be h(-5). Calculate the greatest common divisor of 308 and w.
22
Let i be (-1)/(-3)*(-5 - -8). Let u be (-7)/(-1 + (i - -1)). Let k be (-2 + u)*7/(-3). Calculate the greatest common factor of k and 7.
7
Suppose 2*v = 2*f + 8, 8 = -34*f + 30*f. Let u be ((-8)/(-5))/((-1)/(-10)). Calculate the greatest common factor of v and u.
2
Let p(x) = 7*x**3 - 2*x**2 + 2*x - 1. Let i be p(1). Let d be ((-6)/(-4))/(i/88). Calculate the highest common factor of 198 and d.
22
Suppose 4*l - 36 = -2*b - 0*b, 0 = b - 3*l - 33. What is the greatest common divisor of b and 372?
12
Let n = -11 - -50. Let z(y) = 38*y**2 + 4. Let f be z(2). What is the greatest common factor of n and f?
39
Suppose 0 = -9*x + 28*x - 10925. What is the highest common factor of x and 25?
25
Let t(x) = -14*x + 1. Let p be t(-3). Let u = 106 - p. What is the highest common divisor of u and 21?
21
Suppose 7 - 2 = b. Suppose -4*l = -l - 2*u + 36, b*l + 60 = 5*u. Let f be l/((-15)/(-21) + -1). Calculate the greatest common divisor of 28 and f.
14
Let u = 3 - -11. Let p = 3 - -53. Suppose -17*k - p = -21*k. Calculate the highest common divisor of u and k.
14
Suppose -3*t = -726 - 405. What is the greatest common divisor of t and 58?
29
Let j(p) = -2*p + 148 - 164 - p. Let y be j(-12). Calculate the highest common divisor of 10 and y.
10
Let u be (-10)/70 + (-1930)/14. Let d be (-2)/(-6) + u/(-18). Suppose 1 - 9 = 